{"id":293,"date":"2022-02-25T06:15:59","date_gmt":"2022-02-25T06:15:59","guid":{"rendered":"https:\/\/thomas.endformat.com\/?page_id=237"},"modified":"2022-12-14T13:55:11","modified_gmt":"2022-12-14T13:55:11","slug":"bm-content-builder-237","status":"publish","type":"page","link":"https:\/\/contemporaries-nuernberg.de\/?page_id=293","title":{"rendered":"Mitglied werden"},"content":{"rendered":"<div class=\"bm-builder clearfix \"><div id=\"\" class=\"module col-12 module-id-1655126037048\" data-module-col=\"12\"><div class=\"module-inside single-image-inside\" style=\"--top-mod: 40px;--bottom-mod: 0px;--top-mod-m:20px;--bottom-mod-m:0px;\" ><div class=\"single-image-out  \" ><figure class=\"single-image   single-image-full  \" ><div class=\"ux-hover-wrap anima-wrap\" style=\"padding-top: 30.217391304348%;\"><span class=\"ux-hover-wrap-a\"><img fetchpriority=\"high\" decoding=\"async\" alt=\"IMG_2669_2z\" class=\"single-image-img img1st lazy \" src=\"data:image\/gif;base64,R0lGODlhAQABAIAAAAAAAP\/\/\/yH5BAEAAAAALAAAAAABAAEAAAIBRAA7\" data-src=\"https:\/\/contemporaries-nuernberg.de\/wp-content\/uploads\/2024\/06\/IMG_2669_2z.jpg\" data-srcset=\"https:\/\/contemporaries-nuernberg.de\/wp-content\/uploads\/2024\/06\/IMG_2669_2z.jpg 2300w, https:\/\/contemporaries-nuernberg.de\/wp-content\/uploads\/2024\/06\/IMG_2669_2z-300x91.jpg 300w, https:\/\/contemporaries-nuernberg.de\/wp-content\/uploads\/2024\/06\/IMG_2669_2z-1024x309.jpg 1024w, https:\/\/contemporaries-nuernberg.de\/wp-content\/uploads\/2024\/06\/IMG_2669_2z-768x232.jpg 768w, https:\/\/contemporaries-nuernberg.de\/wp-content\/uploads\/2024\/06\/IMG_2669_2z-1536x464.jpg 1536w, https:\/\/contemporaries-nuernberg.de\/wp-content\/uploads\/2024\/06\/IMG_2669_2z-2048x619.jpg 2048w, https:\/\/contemporaries-nuernberg.de\/wp-content\/uploads\/2024\/06\/IMG_2669_2z-350x106.jpg 350w, https:\/\/contemporaries-nuernberg.de\/wp-content\/uploads\/2024\/06\/IMG_2669_2z-650x196.jpg 650w, https:\/\/contemporaries-nuernberg.de\/wp-content\/uploads\/2024\/06\/IMG_2669_2z-1000x302.jpg 1000w, https:\/\/contemporaries-nuernberg.de\/wp-content\/uploads\/2024\/06\/IMG_2669_2z-2000x604.jpg 2000w, https:\/\/contemporaries-nuernberg.de\/wp-content\/uploads\/2024\/06\/IMG_2669_2z-600x181.jpg 600w\" data-sizes=\"(max-width: 480px) 320px,(max-width: 767px) 500px,(max-width: 2300px) 100vw, 2300px\" width=\"2300\" height=\"695\" \/><\/span><\/div><\/figure><\/div><\/div><\/div><div id=\"\" class=\"module col-12 module-id-1645769741306\" data-module-col=\"12\"><div class=\"module-inside text-inside\" style=\"--top-mod: 60px;--bottom-mod: 100px;--top-mod-m:50px;--bottom-mod-m:80px;\" ><div class=\"text_block_out\"  data-effect=\"standard\" style=\"\"><div class=\"text_block ux-mod-nobg\"><div class=\"text_block_inn\"><div id=\"text-1645769741306\" class=\"text_block_centered text_block_centered_enable_width\"  style=\"\"><h2 style=\"text-align: center;\">MITGLIEDSCHAFT<\/h2><\/div><\/div><\/div><\/div><\/div><\/div><div id=\"\" class=\"module col-6 module-id-164670113025 bm-wrap row-middle row-left bm-wrap-height-auto col-offset-0\" data-module-col=\"6\" data-change-color=\"off\" data-backcolor=\"transparent\" data-frontcolor=\"\" data-logocolor=\"\" data-goto-top=\"off\" data-goto-top-spacing=\"0\" data-goto-disable-m=\"off\" data-groupsameheight=\"off\"><div class=\"module-inside group-inside\" style=\"--top-mod: 60px;--bottom-mod: 0px;--top-mod-m:40px;--bottom-mod-m:0px;\" ><div id=\"\" class=\"module col-5 module-id-1646701130135\" data-module-col=\"5\"><div class=\"module-inside text-inside\" style=\"--top-mod: 0px;--bottom-mod: 60px;--top-mod-m:0px;--bottom-mod-m:30px;\" ><div class=\"text_block_out\"  data-effect=\"standard\" style=\"\"><div class=\"text_block ux-mod-nobg\"><div class=\"text_block_inn\"><div id=\"text-1646701130135\" class=\"text_block_centered text_block_centered_enable_width\"  style=\"\"><h4>Mitglied werden!<\/h4><\/div><\/div><\/div><\/div><\/div><\/div><div id=\"\" class=\"module col-5 module-id-1653316563335\" data-module-col=\"5\"><div class=\"module-inside text-inside\" style=\"--top-mod: 0px;--bottom-mod: 0px;--top-mod-m:0px;--bottom-mod-m:0px;\" ><div class=\"text_block_out\"  data-effect=\"standard\" style=\"\"><div class=\"text_block ux-mod-nobg\"><div class=\"text_block_inn\"><div id=\"text-1653316563335\" class=\"text_block_centered text_block_centered_enable_width\"  style=\"\"><p>F\u00fcr die Aufnahme als ordentliches oder f\u00f6rderndes Mitglied ist eine schriftliche&nbsp;<span style=\"color: #0000ff;\"><a style=\"color: #0000ff;\" href=\"https:\/\/contemporaries-nuernberg.de\/wp-content\/uploads\/2024\/08\/Beitrittserklarung_2024_Form.pdf\">Beitrittserkl\u00e4rung<\/a><\/span>&nbsp;erforderlich, die Sie an folgende Adresse senden:<br><span id=\"orange\" style=\"color: #ef8160;\">Contemporaries e. V.<br>\u2013 vereint f\u00fcr die Kunsthalle N\u00fcrnberg<\/span><br>c\/o Kunsthalle N\u00fcrnberg<br>Lorenzer Stra\u00dfe 32<br>D-90402 N\u00fcrnberg<br>Fax: 0911 231 3721<br>info@contemporaries-nuernberg.de<\/p>\n<p>&nbsp;<\/p>\n<p>Der Verein&nbsp;<span id=\"orange\" style=\"color: #ef8160;\">Contemporaries e. V. \u2013 vereint f\u00fcr die Kunsthalle N\u00fcrnberg<\/span>&nbsp;verfolgt ausschlie\u00dflich und unmittelbar gemeinn\u00fctzige Zwecke im Sinne der Abgabenordnung. Zweck des Vereins ist die F\u00f6rderung von Kunst und Kultur. Die Satzungszwecke entsprechen \u00a7 52 Abs. 2 Satz 1 Nr. 5 Abgabenordnung. Die Verfolgung dieses Zwecks wurde von der Finanzverwaltung best\u00e4tigt (Aktenzeichen 241 \/ 107 \/ 40839 vom 23.7.2019). Ihre Mitgliedsbeitr\u00e4ge sind deshalb als Zuwendung steuerlich abziehbar (Spendenabzug nach \u00a7 10b Einkommensteuergesetz). Im Einzelfall ist auch ein Abzug als Werbungskosten oder Betriebsausgabe m\u00f6glich. Nach \u00a7 50 Einkommensteuer-Durchf\u00fchrungsverordnung ist f\u00fcr Zuwendungen bis zu einem Betrag von 200 \u20ac der Zahlungsbeleg oder Kontoauszug als Nachweis ausreichend. Haben Sie&nbsp;<span id=\"orange\" style=\"color: #ef8160;\">Contemporaries e. V. \u2013 vereint f\u00fcr die Kunsthalle N\u00fcrnberg<\/span>&nbsp;in diesem Jahr mehr als 200 \u20ac zugewendet, geht Ihnen automatisch eine Spendenbescheinigung zu.<\/p><\/div><\/div><\/div><\/div><\/div><\/div><\/div><\/div><div id=\"\" class=\"module col-5 module-id-1646701130504 bm-wrap row-middle row-left bm-wrap-height-auto\" data-module-col=\"5\" data-change-color=\"off\" data-backcolor=\"transparent\" data-frontcolor=\"\" data-logocolor=\"\" data-goto-top=\"off\" data-goto-top-spacing=\"0\" data-goto-disable-m=\"off\" data-groupsameheight=\"off\"><div class=\"module-inside group-inside\" style=\"--top-mod: 60px;--bottom-mod: 100px;--top-mod-m:30px;--bottom-mod-m:50px;\" ><div id=\"\" class=\"module col-5 module-id-1646701130617\" data-module-col=\"5\"><div class=\"module-inside text-inside\" style=\"--top-mod: 0px;--bottom-mod: 0px;--top-mod-m:0px;--bottom-mod-m:0px;\" ><div class=\"text_block_out\"  data-effect=\"standard\" style=\"\"><div class=\"text_block ux-mod-nobg\"><div class=\"text_block_inn\"><div id=\"text-1646701130617\" class=\"text_block_centered text_block_centered_enable_width\"  style=\"\"><h4>Geschenkmitgliedschaft bei Contemporaries<\/h4><\/div><\/div><\/div><\/div><\/div><\/div><div id=\"\" class=\"module col-5 module-id-1677065800371\" data-module-col=\"5\"><div class=\"module-inside single-image-inside\" style=\"--top-mod: 0px;--bottom-mod: 40px;--top-mod-m:0px;--bottom-mod-m:20px;\" ><div class=\"single-image-out  \" ><figure class=\"single-image   single-image-full  \" ><div class=\"ux-hover-wrap anima-wrap\" style=\"padding-top: 66.666666666667%;\"><span class=\"ux-hover-wrap-a\"><img decoding=\"async\" alt=\"beautiful-gift-voucher-with-hand\" class=\"single-image-img img1st lazy \" src=\"data:image\/gif;base64,R0lGODlhAQABAIAAAAAAAP\/\/\/yH5BAEAAAAALAAAAAABAAEAAAIBRAA7\" data-src=\"https:\/\/contemporaries-nuernberg.de\/wp-content\/uploads\/2023\/05\/beautiful-gift-voucher-with-hand.png\" data-srcset=\"https:\/\/contemporaries-nuernberg.de\/wp-content\/uploads\/2023\/05\/beautiful-gift-voucher-with-hand.png 1500w, https:\/\/contemporaries-nuernberg.de\/wp-content\/uploads\/2023\/05\/beautiful-gift-voucher-with-hand-300x200.png 300w, https:\/\/contemporaries-nuernberg.de\/wp-content\/uploads\/2023\/05\/beautiful-gift-voucher-with-hand-1024x683.png 1024w, https:\/\/contemporaries-nuernberg.de\/wp-content\/uploads\/2023\/05\/beautiful-gift-voucher-with-hand-768x512.png 768w, https:\/\/contemporaries-nuernberg.de\/wp-content\/uploads\/2023\/05\/beautiful-gift-voucher-with-hand-350x233.png 350w, https:\/\/contemporaries-nuernberg.de\/wp-content\/uploads\/2023\/05\/beautiful-gift-voucher-with-hand-650x433.png 650w, https:\/\/contemporaries-nuernberg.de\/wp-content\/uploads\/2023\/05\/beautiful-gift-voucher-with-hand-1000x667.png 1000w, https:\/\/contemporaries-nuernberg.de\/wp-content\/uploads\/2023\/05\/beautiful-gift-voucher-with-hand-600x400.png 600w\" data-sizes=\"(max-width: 480px) 320px,(max-width: 767px) 500px,(max-width: 1500px) 100vw, 1500px\" width=\"1500\" height=\"1000\" \/><\/span><\/div><\/figure><\/div><\/div><\/div><div id=\"\" class=\"module col-5 module-id-1653316699623\" data-module-col=\"5\"><div class=\"module-inside text-inside\" style=\"--top-mod: 0px;--bottom-mod: 0px;--top-mod-m:0px;--bottom-mod-m:0px;\" ><div class=\"text_block_out\"  data-effect=\"standard\" style=\"\"><div class=\"text_block ux-mod-nobg\"><div class=\"text_block_inn\"><div id=\"text-1653316699623\" class=\"text_block_centered text_block_centered_enable_width\"  style=\"\"><p><span style=\"color: #ef8160;\"><strong>Sie suchen ein besonderes Geschenk?<\/strong><\/span><\/p>\n<p>&nbsp;<\/p>\n<p>Geburtstag &#8211; Hochzeit &#8211; Weihnachten &#8211; Jubil\u00e4um &#8211; anderes wichtige Ereignis<br>Unser Vorschlag: Verschenken Sie eine Mitgliedschaft bei Contemporaries e.V., dem F\u00f6rderverein der Kunsthalle N\u00fcrnberg.<\/p>\n<p>Die Beschenkte \/ der Beschenkte genie\u00dft alle Vorteile einer Mitgliedschaft: freier Eintritt in alle Ausstellungen der Kunsthalle N\u00fcrnberg sowie der weiteren Einrichtungen Kunsthaus und Kunstvilla im KunstKulturQuartier, Einladungen zu s\u00e4mtlichen Ausstellungser\u00f6ffnungen, zu exklusiven Previews, F\u00fchrungen und Veranstaltungen sowie die M\u00f6glichkeit zum \u201eMeet &amp; Greet\u201c mit den ausstellenden K\u00fcnstlerinnen und K\u00fcnstlern. Damit bereichern Sie das kulturelle Leben der Beschenkten \/ des Beschenkten. Gleichzeitig f\u00f6rdern Sie unsere Kunsthalle N\u00fcrnberg, die seit vielen Jahren hochkar\u00e4tige Ausstellungen internationaler zeitgen\u00f6ssischer Kunst pr\u00e4sentiert.<\/p>\n<p>Die Beschenkte \/ der Beschenkte erh\u00e4lt von uns einen Willkommensbrief mit Hinweis auf Ihr Geschenk und den Mitgliedsausweis.<\/p>\n<p>Die Mitgliedschaft kann f\u00fcr ein Kalenderjahr (die Mitgliedschaft l\u00e4uft danach aus, ohne dass es einer K\u00fcndigung bedarf) oder bis auf Widerruf verschenkt werden.<\/p>\n<p>Bitte f\u00fcllen Sie das&nbsp;<span style=\"color: #0000ff;\"><a style=\"color: #0000ff;\" href=\"https:\/\/contemporaries-nuernberg.de\/wp-content\/uploads\/2024\/01\/Formular-Geschenkmitgliedschaft-2024.pdf\" target=\"_blank\" rel=\"noopener\">Formular<\/a><\/span>&nbsp;aus!<\/p><\/div><\/div><\/div><\/div><\/div><\/div><\/div><\/div><\/div>","protected":false},"excerpt":{"rendered":"<p>MITGLIEDSCHAFTMitglied werden!F\u00fcr die Aufnahme als ordentliches oder f\u00f6rderndes Mitglied ist &hellip;<\/p>\n","protected":false},"author":1,"featured_media":0,"parent":0,"menu_order":0,"comment_status":"closed","ping_status":"closed","template":"","meta":{"inline_featured_image":false,"footnotes":""},"class_list":["post-293","page","type-page","status-publish","hentry"],"_links":{"self":[{"href":"https:\/\/contemporaries-nuernberg.de\/index.php?rest_route=\/wp\/v2\/pages\/293","targetHints":{"allow":["GET"]}}],"collection":[{"href":"https:\/\/contemporaries-nuernberg.de\/index.php?rest_route=\/wp\/v2\/pages"}],"about":[{"href":"https:\/\/contemporaries-nuernberg.de\/index.php?rest_route=\/wp\/v2\/types\/page"}],"author":[{"embeddable":true,"href":"https:\/\/contemporaries-nuernberg.de\/index.php?rest_route=\/wp\/v2\/users\/1"}],"replies":[{"embeddable":true,"href":"https:\/\/contemporaries-nuernberg.de\/index.php?rest_route=%2Fwp%2Fv2%2Fcomments&post=293"}],"version-history":[{"count":1,"href":"https:\/\/contemporaries-nuernberg.de\/index.php?rest_route=\/wp\/v2\/pages\/293\/revisions"}],"predecessor-version":[{"id":311,"href":"https:\/\/contemporaries-nuernberg.de\/index.php?rest_route=\/wp\/v2\/pages\/293\/revisions\/311"}],"wp:attachment":[{"href":"https:\/\/contemporaries-nuernberg.de\/index.php?rest_route=%2Fwp%2Fv2%2Fmedia&parent=293"}],"curies":[{"name":"wp","href":"https:\/\/api.w.org\/{rel}","templated":true}]}}